 prime factors of 950323.
11, 19, 4547
What are the prime factors of 13515709?
61, 67, 3307
What are the prime factors of 33215456?
2, 1037983
List the prime factors of 739499.
19, 38921
What are the prime factors of 639133?
11, 97, 599
List the prime factors of 303701.
269, 1129
List the prime factors of 1721319.
3, 439, 1307
What are the prime factors of 4741069?
37, 97, 1321
List the prime factors of 282394.
2, 7, 23, 877
What are the prime factors of 994379?
47, 21157
What are the prime factors of 66582?
2, 3, 137
What are the prime factors of 560265?
3, 5, 41, 911
List the prime factors of 7935328.
2, 17, 29, 503
What are the prime factors of 17398482?
2, 3, 2899747
What are the prime factors of 225064?
2, 7, 4019
What are the prime factors of 1907424?
2, 3, 37, 179
List the prime factors of 21662111.
1039, 20849
What are the prime factors of 23497?
23497
List the prime factors of 115872.
2, 3, 17, 71
List the prime factors of 2982325.
5, 119293
What are the prime factors of 735656?
2, 91957
List the prime factors of 110466.
2, 3, 17, 19
List the prime factors of 6000310.
2, 5, 167, 3593
What are the prime factors of 779838?
2, 3, 23, 5651
List the prime factors of 3729051.
3, 138113
List the prime factors of 1197940.
2, 5, 89, 673
List the prime factors of 10008446.
2, 7, 73, 1399
List the prime factors of 241599.
3, 29, 2777
List the prime factors of 8095110.
2, 3, 5, 151, 1787
List the prime factors of 244004.
2, 61001
List the prime factors of 517622.
2, 7, 36973
What are the prime factors of 961043?
359, 2677
List the prime factors of 9196146.
2, 3, 170299
List the prime factors of 82915.
5, 7, 23, 103
What are the prime factors of 1472904?
2, 3, 2273
List the prime factors of 162055.
5, 32411
List the prime factors of 2737013.
2737013
What are the prime factors of 175160?
2, 5, 29, 151
What are the prime factors of 8317048?
2, 1039631
List the prime factors of 9706298.
2, 7, 223, 3109
What are the prime factors of 737386?
2, 13, 79, 359
What are the prime factors of 1420448?
2, 44389
What are the prime factors of 1303762?
2, 651881
What are the prime factors of 606356?
2, 17, 37, 241
What are the prime factors of 126723?
3, 53, 797
What are the prime factors of 6965020?
2, 5, 19, 18329
List the prime factors of 18268.
2, 4567
List the prime factors of 29671.
29671
List the prime factors of 487757.
487757
What are the prime factors of 1675937?
1675937
What are the prime factors of 365451?
3, 61, 1997
List the prime factors of 89356.
2, 89, 251
List the prime factors of 253390.
2, 5, 25339
What are the prime factors of 3944408?
2, 13, 17, 23, 97
What are the prime factors of 64157?
64157
List the prime factors of 16383504.
2, 3, 341323
What are the prime factors of 1048045?
5, 179, 1171
List the prime factors of 25067549.
13, 389, 4957
What are the prime factors of 83124?
2, 3, 2309
What are the prime factors of 474910?
2, 5, 47491
List the prime factors of 2232830.
2, 5, 223283
List the prime factors of 32003175.
3, 5, 426709
What are the prime factors of 2481042?
2, 3, 389, 1063
What are the prime factors of 21971679?
3, 157, 46649
List the prime factors of 62794.
2, 31397
List the prime factors of 3570157.
19, 41, 4583
List the prime factors of 46484.
2, 11621
What are the prime factors of 1659021?
3, 7, 13, 59, 103
List the prime factors of 432120.
2, 3, 5, 13, 277
What are the prime factors of 9713416?
2, 31, 53, 739
What are the prime factors of 4402238?
2, 2201119
List the prime factors of 270776.
2, 11, 17, 181
What are the prime factors of 3702566?
2, 7, 17, 47, 331
What are the prime factors of 1690596?
2, 3, 151, 311
What are the prime factors of 87255?
3, 5, 7, 277
What are the prime factors of 4194446?
2, 2097223
List the prime factors of 15591950.
2, 5, 11, 28349
What are the prime factors of 4102061?
241, 17021
What are the prime factors of 22932082?
2, 17, 37, 18229
What are the prime factors of 17629085?
5, 17, 207401
List the prime factors of 57342.
2, 3, 19, 503
What are the prime factors of 162797?
263, 619
What are the prime factors of 147914?
2, 13, 5689
List the prime factors of 14171218.
2, 193, 36713
List the prime factors of 760941.
3, 28183
What are the prime factors of 4551336?
2, 3, 19, 1109
What are the prime factors of 6688495?
5, 11, 121609
List the prime factors of 4941454.
2, 7, 50423
List the prime factors of 18657.
3, 691
List the prime factors of 125860.
2, 5, 7, 29, 31
List the prime factors of 9831659.
53, 103, 1801
List the prime factors of 23530.
2, 5, 13, 181
What are the prime factors of 256396?
2, 7, 9157
List the prime factors of 48220.
2, 5, 2411
List the prime factors of 2852653.
229, 12457
List the prime factors of 22545079.
22545079
What are the prime factors of 652532?
2, 37, 4409
What are the prime factors of 130179?
3, 7, 6199
What are the prime factors of 8695561?
7, 163, 7621
List the prime factors of 18044.
2, 13, 347
List the prime factors of 292617.
3, 13, 41, 61
What are the prime factors of 10960747?
7, 1565821
List the prime factors of 2981322.
2, 3, 89, 1861
List the prime factors of 2683543.
2683543
List the prime factors of 6119263.
653, 9371
What are the prime factors of 879528?
2, 3, 13, 2819
List the prime factors of 1113738.
2, 3, 17, 61, 179
What are the prime factors of 34974?
2, 3, 29, 67
What are the prime factors of 979902?
2, 3, 7, 11, 101
List the prime factors of 120716.
2, 103, 293
What are the prime factors of 158902?
2, 79451
What are the prime factors of 382908?
2, 3, 17, 1877
What are the prime factors of 351740?
2, 5, 43, 409
List the prime factors of 71357.
11, 13, 499
What are the prime factors of 225877?
107, 2111
List the prime factors of 536218.
2, 19, 103, 137
What are the prime factors of 235287?
3, 13, 2011
List the prime factors of 4541179.
83, 54713
What are the prime factors of 17016665?
5, 23, 73, 2027
What are the prime factors of 530121?
3, 83, 2129
What are the prime factors of 32837?
7, 4691
List the prime factors of 1723535.
5, 11, 31337
What are the prime factors of 260451?
3, 43, 673
List the prime factors of 1621081.
7, 11, 37, 569
List the prime factors of 2414093.
11, 219463
What are the prime factors of 288873?
3, 13, 823
List the prime factors of 1162759.
13, 89443
What are the prime factors of 434662?
2, 71, 3061
What are the prime factors of 270147?
3, 17, 5297
List the prime factors of 1057330.
2, 5, 105733
List the prime factors of 3194830.
2, 5, 319483
What are the prime factors of 264923?
43, 61, 101
What are the prime factors of 11270021?
7, 19, 84737
What are the prime factors of 17687676?
2, 3, 1473973
List the prime factors of 214747.
13, 16519
List the prime factors of 196318.
2, 103, 953
List the prime factors of 8631635.
5, 1726327
List the prime factors of 32638579.
32638579
What are the prime factors of 7410821?
11, 83, 8117
What are the prime factors of 210257?
210257
List the prime factors of 112861.
7, 23, 701
What are the prime factors of 1028266?
2, 47, 10939
What are the prime factors of 1184904?
2, 3, 7, 2351
What are the prime factors of 8895512?
2, 31, 35869
What are the prime factors of 57770?
2, 5, 53, 109
List the prime factors of 200051.
19, 10529
What are the prime factors of 84336?
2, 3, 7, 251
What are the prime factors of 144505?
5, 28901
List the prime factors of 5980896.
2, 3, 19, 1093
List the prime factors of 4878619.
617, 7907
What are the prime factors of 254809?
19, 13411
What are the prime factors of 267691?
19, 73, 193
List the prime factors of 4849410.
2, 3, 5, 109, 1483
What are the prime factors of 829032?
2, 3, 34543
What are the prime factors of 19784787?
3, 11, 17, 35267
What are the prime factors of 4550667?
3, 11, 37, 3727
List the prime factors of 1925309.
79, 24371
List the prime factors of 6712565.
5, 167, 8039
List the prime factors of 11312174.
2, 17, 332711
List the prime factors of 641863.
641863
List the prime factors of 75276.
2, 3, 17, 41
List the prime factors of 67855.
5, 41, 331
What are the prime factors of 880519?
880519
What are the prime factors of 1175210?
2, 5, 17, 31, 223
List the prime factors of 540921.
3, 180307
What are the prime factors of 5271118?
2, 157, 16787
List the prime factors of 2229491.
11, 29, 241
List the prime factors of 798235.
5, 17, 9391
